{"id":48,"date":"2018-10-02T16:16:23","date_gmt":"2018-10-02T16:16:23","guid":{"rendered":"http:\/\/kugelblitz-fotobox.de\/?page_id=48"},"modified":"2020-04-03T10:35:36","modified_gmt":"2020-04-03T10:35:36","slug":"impressum","status":"publish","type":"page","link":"https:\/\/kugelblitz-fotobox.de\/?page_id=48","title":{"rendered":"Impressum"},"content":{"rendered":"<p><u>Angaben gem\u00e4\u00df \u00a7 5 TMG<\/u><\/p>\n<p>Boost &amp; Deschner GbR<br \/>\nTullastra\u00dfe 12<br \/>\n76473 Iffezheim<\/p>\n<p>Vertreten durch die Gesellschafter<br \/>\nCarl-Stephan Boost, Alica und David Deschner<\/p>\n<p><u>Kontakt<\/u><\/p>\n<p>Telefon:\u00a0 +49 (0) 7229 &#8211; 999 999 9<br \/>\nE-Mail: <a href=\"mailto:info@kugelblitz-fotobox.de\">info@kugelblitz-fotobox.de<\/a><\/p>\n<p><u>Umsatzsteuer<\/u><\/p>\n<p>Umsatzsteuer-Identifikationsnummer gem\u00e4\u00df \u00a727\u00a0Umsatzsteuergesetz: DE320023908<\/p>\n<p><u>Verbraucherstreitbeilegung\/Universalschlichtungsstelle<\/p>\n<p><\/u>Wir sind nicht bereit oder verpflichtet, an Streitbeilegungsverfahren vor einer Verbraucherschlichtungsstelle teilzunehmen.<\/p>\n<p><u>Haftung f\u00fcr Inhalte<\/u><\/p>\n<p>Als Diensteanbieter sind wir gem\u00e4\u00df \u00a7 7 Abs.1 TMG f\u00fcr eigene Inhalte auf diesen Seiten nach den allgemeinen Gesetzen verantwortlich.<\/p>\n<p>Nach \u00a7\u00a7 8 bis 10 TMG sind wir als Diensteanbieter jedoch nicht verpflichtet, \u00fcbermittelte oder gespeicherte fremde Informationen zu \u00fcberwachen oder nach Umst\u00e4nden zu forschen, die auf eine rechtswidrige T\u00e4tigkeit hinweisen.<\/p>\n<p>Verpflichtungen zur Entfernung oder Sperrung der Nutzung von Informationen nach den allgemeinen Gesetzen bleiben hiervon unber\u00fchrt.<\/p>\n<p>Eine diesbez\u00fcgliche Haftung ist jedoch erst ab dem Zeitpunkt der Kenntnis einer konkreten Rechtsverletzung m\u00f6glich.<\/p>\n<p>Bei Bekanntwerden von entsprechenden Rechtsverletzungen werden wir diese Inhalte umgehend entfernen.<\/p>\n<p><u>Haftung f\u00fcr Links<\/u><\/p>\n<p>Unser Angebot enth\u00e4lt Links zu externen Websites Dritter, auf deren Inhalte wir keinen Einfluss haben. Deshalb k\u00f6nnen wir f\u00fcr diese fremden Inhalte auch keine Gew\u00e4hr \u00fcbernehmen. F\u00fcr die Inhalte der verlinkten Seiten ist stets der jeweilige Anbieter oder Betreiber der Seiten verantwortlich. Die verlinkten Seiten wurden zum Zeitpunkt der Verlinkung auf m\u00f6gliche Rechtsverst\u00f6\u00dfe \u00fcberpr\u00fcft. Rechtswidrige Inhalte waren zum Zeitpunkt der Verlinkung nicht erkennbar. Eine permanente inhaltliche Kontrolle der verlinkten Seiten ist jedoch ohne konkrete Anhaltspunkte einer Rechtsverletzung nicht zumutbar. Bei Bekanntwerden von Rechtsverletzungen werden wir derartige Links umgehend entfernen.<\/p>\n<p><u>Urheberrecht<\/u><\/p>\n<p>Die durch die Seitenbetreiber erstellten Inhalte und Werke auf diesen Seiten unterliegen dem deutschen Urheberrecht. Die Vervielf\u00e4ltigung, Bearbeitung, Verbreitung und jede Art der Verwertung au\u00dferhalb der Grenzen des Urheberrechtes bed\u00fcrfen der schriftlichen Zustimmung des jeweiligen Autors bzw. Erstellers. Downloads und Kopien dieser Seite sind nur f\u00fcr den privaten, nicht kommerziellen Gebrauch gestattet. Soweit die Inhalte auf dieser Seite nicht vom Betreiber erstellt wurden, werden die Urheberrechte Dritter beachtet. Insbesondere werden Inhalte Dritter als solche gekennzeichnet. Sollten Sie trotzdem auf eine Urheberrechtsverletzung aufmerksam werden, bitten wir um einen entsprechenden Hinweis. Bei Bekanntwerden von Rechtsverletzungen werden wir derartige Inhalte umgehend entfernen.<\/p>\n<p>Quelle: <a href=\"https:\/\/www.e-recht24.de\/impressum-generator.html\">https:\/\/www.e-recht24.de\/impressum-generator.html<\/a><\/p>\n","protected":false},"excerpt":{"rendered":"<p>Angaben gem\u00e4\u00df \u00a7 5 TMG Boost &amp; Deschner GbR Tullastra\u00dfe 12 76473 Iffezheim Vertreten durch die Gesellschafter Carl-Stephan Boost, Alica und David Deschner Kontakt Telefon:\u00a0 +49 (0) 7229 &#8211; 999 999 9 E-Mail: info@kugelblitz-fotobox.de Umsatzsteuer Umsatzsteuer-Identifikationsnummer gem\u00e4\u00df \u00a727\u00a0Umsatzsteuergesetz: DE320023908 Verbraucherstreitbeilegung\/Universalschlichtungsstelle Wir sind nicht bereit oder verpflichtet, an Streitbeilegungsverfahren vor einer Verbraucherschlichtungsstelle teilzunehmen. Haftung f\u00fcr Inhalte [&hellip;]<\/p>\n","protected":false},"author":1,"featured_media":0,"parent":183,"menu_order":0,"comment_status":"closed","ping_status":"closed","template":"","meta":{"footnotes":""},"class_list":["post-48","page","type-page","status-publish","czr-hentry"],"yoast_head":"<!-- This site is optimized with the Yoast SEO plugin v27.3 - https:\/\/yoast.com\/product\/yoast-seo-wordpress\/ -->\n<title>Impressum - KUGELBLITZ - die runde Fotobox<\/title>\n<meta name=\"description\" content=\"photobox fotobox selfibox fotospiegel photospiegel magicmirror fotobox im smatphone design photobooth booth drucker hintergrund leinwand back screenbleihen mieten dauer einsatz mehrt\u00e4gig wochenweise monatsweisebilder sofotdruck selfies video clips videoclips fotosevent geburtstag hochzeit ball gala er\u00f6ffnung neuer\u00f6ffnung pr\u00e4sentation release party feier kick off teamevent weihnachtsfeier firmenfeier jubil\u00e4um junggessellenabschied junggesellinenabschied pr\u00e4senation produktpr\u00e4sentation tag der offenen t\u00fcrkongress messe tagung seminar bankett hotel lobbythema mehrere themen accessoires koffer boothpops h\u00fcte masken per\u00fccken hochzeit geburtstag apres ski apres-ski reisen oktoberfest weihnachten weihnachtsfeier party hintergrund greenscreen leinwand spass spa\u00df erinnerung zusammen gruppenbilder teambuilding geschenk gastgeschenkfirmen company recruiting recruitingdays karrieremesse workshop teambuilding vorstellung pitch elevatorpitch weiterbildung weiterentwicklung rethorik skills skill level hr human ressources development mitarbeiterzufriedenheit marketing bewertung leadership teilen facebook twitter instagram email galerie online gallery blackforest-wedding crewdeutschland baden-w\u00fcrttemberg baden w\u00fcrttemberg iffezheim baden baden baden-baden rastatt b\u00fchl karlsruhe gaggenau malsch gernsbach wei\u00dfenbach geroldsau sinzheim offenburg achern steinmauern plittersdorf bietigheim \u00f6tigheim kartung pforzheim stuttgart ettlingen renchen h\u00fcglesheim s\u00f6llingen roeschwoog seltz\" \/>\n<meta name=\"robots\" content=\"index, follow, max-snippet:-1, max-image-preview:large, max-video-preview:-1\" \/>\n<link rel=\"canonical\" href=\"https:\/\/kugelblitz-fotobox.de\/?page_id=48\" \/>\n<meta property=\"og:locale\" content=\"de_DE\" \/>\n<meta property=\"og:type\" content=\"article\" \/>\n<meta property=\"og:title\" content=\"Impressum - KUGELBLITZ - die runde Fotobox\" \/>\n<meta property=\"og:description\" content=\"photobox fotobox selfibox fotospiegel photospiegel magicmirror fotobox im smatphone design photobooth booth drucker hintergrund leinwand back screenbleihen mieten dauer einsatz mehrt\u00e4gig wochenweise monatsweisebilder sofotdruck selfies video clips videoclips fotosevent geburtstag hochzeit ball gala er\u00f6ffnung neuer\u00f6ffnung pr\u00e4sentation release party feier kick off teamevent weihnachtsfeier firmenfeier jubil\u00e4um junggessellenabschied junggesellinenabschied pr\u00e4senation produktpr\u00e4sentation tag der offenen t\u00fcrkongress messe tagung seminar bankett hotel lobbythema mehrere themen accessoires koffer boothpops h\u00fcte masken per\u00fccken hochzeit geburtstag apres ski apres-ski reisen oktoberfest weihnachten weihnachtsfeier party hintergrund greenscreen leinwand spass spa\u00df erinnerung zusammen gruppenbilder teambuilding geschenk gastgeschenkfirmen company recruiting recruitingdays karrieremesse workshop teambuilding vorstellung pitch elevatorpitch weiterbildung weiterentwicklung rethorik skills skill level hr human ressources development mitarbeiterzufriedenheit marketing bewertung leadership teilen facebook twitter instagram email galerie online gallery blackforest-wedding crewdeutschland baden-w\u00fcrttemberg baden w\u00fcrttemberg iffezheim baden baden baden-baden rastatt b\u00fchl karlsruhe gaggenau malsch gernsbach wei\u00dfenbach geroldsau sinzheim offenburg achern steinmauern plittersdorf bietigheim \u00f6tigheim kartung pforzheim stuttgart ettlingen renchen h\u00fcglesheim s\u00f6llingen roeschwoog seltz\" \/>\n<meta property=\"og:url\" content=\"https:\/\/kugelblitz-fotobox.de\/?page_id=48\" \/>\n<meta property=\"og:site_name\" content=\"KUGELBLITZ - die runde Fotobox\" \/>\n<meta property=\"article:publisher\" content=\"https:\/\/web.facebook.com\/KugelblitzdierundeFotobox\/?_rdc=1&amp;amp%3bamp%3bamp%3bamp%3bamp%3bamp%3bamp%3bamp%3bamp%3bamp%3bamp%3bamp%3bamp%3bamp%3bamp%3bamp%3bamp%3bamp%3bamp%3b_rdr\" \/>\n<meta property=\"article:modified_time\" content=\"2020-04-03T10:35:36+00:00\" \/>\n<meta name=\"twitter:card\" content=\"summary_large_image\" \/>\n<meta name=\"twitter:label1\" content=\"Gesch\u00e4tzte Lesezeit\" \/>\n\t<meta name=\"twitter:data1\" content=\"2\u00a0Minuten\" \/>\n<script type=\"application\/ld+json\" class=\"yoast-schema-graph\">{\"@context\":\"https:\\\/\\\/schema.org\",\"@graph\":[{\"@type\":\"WebPage\",\"@id\":\"https:\\\/\\\/kugelblitz-fotobox.de\\\/?page_id=48\",\"url\":\"https:\\\/\\\/kugelblitz-fotobox.de\\\/?page_id=48\",\"name\":\"Impressum - KUGELBLITZ - die runde Fotobox\",\"isPartOf\":{\"@id\":\"https:\\\/\\\/kugelblitz-fotobox.de\\\/#website\"},\"datePublished\":\"2018-10-02T16:16:23+00:00\",\"dateModified\":\"2020-04-03T10:35:36+00:00\",\"description\":\"photobox fotobox selfibox fotospiegel photospiegel magicmirror fotobox im smatphone design photobooth booth drucker hintergrund leinwand back screenbleihen mieten dauer einsatz mehrt\u00e4gig wochenweise monatsweisebilder sofotdruck selfies video clips videoclips fotosevent geburtstag hochzeit ball gala er\u00f6ffnung neuer\u00f6ffnung pr\u00e4sentation release party feier kick off teamevent weihnachtsfeier firmenfeier jubil\u00e4um junggessellenabschied junggesellinenabschied pr\u00e4senation produktpr\u00e4sentation tag der offenen t\u00fcrkongress messe tagung seminar bankett hotel lobbythema mehrere themen accessoires koffer boothpops h\u00fcte masken per\u00fccken hochzeit geburtstag apres ski apres-ski reisen oktoberfest weihnachten weihnachtsfeier party hintergrund greenscreen leinwand spass spa\u00df erinnerung zusammen gruppenbilder teambuilding geschenk gastgeschenkfirmen company recruiting recruitingdays karrieremesse workshop teambuilding vorstellung pitch elevatorpitch weiterbildung weiterentwicklung rethorik skills skill level hr human ressources development mitarbeiterzufriedenheit marketing bewertung leadership teilen facebook twitter instagram email galerie online gallery blackforest-wedding crewdeutschland baden-w\u00fcrttemberg baden w\u00fcrttemberg iffezheim baden baden baden-baden rastatt b\u00fchl karlsruhe gaggenau malsch gernsbach wei\u00dfenbach geroldsau sinzheim offenburg achern steinmauern plittersdorf bietigheim \u00f6tigheim kartung pforzheim stuttgart ettlingen renchen h\u00fcglesheim s\u00f6llingen roeschwoog seltz\",\"breadcrumb\":{\"@id\":\"https:\\\/\\\/kugelblitz-fotobox.de\\\/?page_id=48#breadcrumb\"},\"inLanguage\":\"de\",\"potentialAction\":[{\"@type\":\"ReadAction\",\"target\":[\"https:\\\/\\\/kugelblitz-fotobox.de\\\/?page_id=48\"]}]},{\"@type\":\"BreadcrumbList\",\"@id\":\"https:\\\/\\\/kugelblitz-fotobox.de\\\/?page_id=48#breadcrumb\",\"itemListElement\":[{\"@type\":\"ListItem\",\"position\":1,\"name\":\"Startseite\",\"item\":\"https:\\\/\\\/kugelblitz-fotobox.de\\\/\"},{\"@type\":\"ListItem\",\"position\":2,\"name\":\"Home\",\"item\":\"https:\\\/\\\/kugelblitz-fotobox.de\\\/\"},{\"@type\":\"ListItem\",\"position\":3,\"name\":\"Impressum\"}]},{\"@type\":\"WebSite\",\"@id\":\"https:\\\/\\\/kugelblitz-fotobox.de\\\/#website\",\"url\":\"https:\\\/\\\/kugelblitz-fotobox.de\\\/\",\"name\":\"KUGELBLITZ - die runde Fotobox\",\"description\":\"Wir verleihen unsere Fotobox und unseren Fotospiegel im Raum Baden-Baden, Rastatt, Iffezheim, Gaggenau und Karlsruhe f\u00fcr Ihre Veranstaltung, Hochzeit , Geburtstag , Messe , Gala, Ihren Kongress, Ball und Ihr Seminar, Teambuilding und Jubil\u00e4um\",\"publisher\":{\"@id\":\"https:\\\/\\\/kugelblitz-fotobox.de\\\/#organization\"},\"potentialAction\":[{\"@type\":\"SearchAction\",\"target\":{\"@type\":\"EntryPoint\",\"urlTemplate\":\"https:\\\/\\\/kugelblitz-fotobox.de\\\/?s={search_term_string}\"},\"query-input\":{\"@type\":\"PropertyValueSpecification\",\"valueRequired\":true,\"valueName\":\"search_term_string\"}}],\"inLanguage\":\"de\"},{\"@type\":\"Organization\",\"@id\":\"https:\\\/\\\/kugelblitz-fotobox.de\\\/#organization\",\"name\":\"KUGELBLITZ - die runde Fotobox\",\"url\":\"https:\\\/\\\/kugelblitz-fotobox.de\\\/\",\"logo\":{\"@type\":\"ImageObject\",\"inLanguage\":\"de\",\"@id\":\"https:\\\/\\\/kugelblitz-fotobox.de\\\/#\\\/schema\\\/logo\\\/image\\\/\",\"url\":\"https:\\\/\\\/kugelblitz-fotobox.de\\\/wp-content\\\/uploads\\\/2018\\\/10\\\/Kugelblitz_Logo.png\",\"contentUrl\":\"https:\\\/\\\/kugelblitz-fotobox.de\\\/wp-content\\\/uploads\\\/2018\\\/10\\\/Kugelblitz_Logo.png\",\"width\":1643,\"height\":1715,\"caption\":\"KUGELBLITZ - die runde Fotobox\"},\"image\":{\"@id\":\"https:\\\/\\\/kugelblitz-fotobox.de\\\/#\\\/schema\\\/logo\\\/image\\\/\"},\"sameAs\":[\"https:\\\/\\\/web.facebook.com\\\/KugelblitzdierundeFotobox\\\/?_rdc=1&amp;amp;amp;amp;amp;amp;amp;amp;amp;amp;amp;amp;amp;amp;amp;amp;amp;amp;amp;_rdr\",\"https:\\\/\\\/www.instagram.com\\\/kugelblitz_die_runde_fotobox\\\/\",\"https:\\\/\\\/www.youtube.com\\\/channel\\\/UCLQwFVxu6_27hf1Z0lu4UEQ\\\/featured\"]}]}<\/script>\n<!-- \/ Yoast SEO plugin. -->","yoast_head_json":{"title":"Impressum - KUGELBLITZ - die runde Fotobox","description":"photobox fotobox selfibox fotospiegel photospiegel magicmirror fotobox im smatphone design photobooth booth drucker hintergrund leinwand back screenbleihen mieten dauer einsatz mehrt\u00e4gig wochenweise monatsweisebilder sofotdruck selfies video clips videoclips fotosevent geburtstag hochzeit ball gala er\u00f6ffnung neuer\u00f6ffnung pr\u00e4sentation release party feier kick off teamevent weihnachtsfeier firmenfeier jubil\u00e4um junggessellenabschied junggesellinenabschied pr\u00e4senation produktpr\u00e4sentation tag der offenen t\u00fcrkongress messe tagung seminar bankett hotel lobbythema mehrere themen accessoires koffer boothpops h\u00fcte masken per\u00fccken hochzeit geburtstag apres ski apres-ski reisen oktoberfest weihnachten weihnachtsfeier party hintergrund greenscreen leinwand spass spa\u00df erinnerung zusammen gruppenbilder teambuilding geschenk gastgeschenkfirmen company recruiting recruitingdays karrieremesse workshop teambuilding vorstellung pitch elevatorpitch weiterbildung weiterentwicklung rethorik skills skill level hr human ressources development mitarbeiterzufriedenheit marketing bewertung leadership teilen facebook twitter instagram email galerie online gallery blackforest-wedding crewdeutschland baden-w\u00fcrttemberg baden w\u00fcrttemberg iffezheim baden baden baden-baden rastatt b\u00fchl karlsruhe gaggenau malsch gernsbach wei\u00dfenbach geroldsau sinzheim offenburg achern steinmauern plittersdorf bietigheim \u00f6tigheim kartung pforzheim stuttgart ettlingen renchen h\u00fcglesheim s\u00f6llingen roeschwoog seltz","robots":{"index":"index","follow":"follow","max-snippet":"max-snippet:-1","max-image-preview":"max-image-preview:large","max-video-preview":"max-video-preview:-1"},"canonical":"https:\/\/kugelblitz-fotobox.de\/?page_id=48","og_locale":"de_DE","og_type":"article","og_title":"Impressum - KUGELBLITZ - die runde Fotobox","og_description":"photobox fotobox selfibox fotospiegel photospiegel magicmirror fotobox im smatphone design photobooth booth drucker hintergrund leinwand back screenbleihen mieten dauer einsatz mehrt\u00e4gig wochenweise monatsweisebilder sofotdruck selfies video clips videoclips fotosevent geburtstag hochzeit ball gala er\u00f6ffnung neuer\u00f6ffnung pr\u00e4sentation release party feier kick off teamevent weihnachtsfeier firmenfeier jubil\u00e4um junggessellenabschied junggesellinenabschied pr\u00e4senation produktpr\u00e4sentation tag der offenen t\u00fcrkongress messe tagung seminar bankett hotel lobbythema mehrere themen accessoires koffer boothpops h\u00fcte masken per\u00fccken hochzeit geburtstag apres ski apres-ski reisen oktoberfest weihnachten weihnachtsfeier party hintergrund greenscreen leinwand spass spa\u00df erinnerung zusammen gruppenbilder teambuilding geschenk gastgeschenkfirmen company recruiting recruitingdays karrieremesse workshop teambuilding vorstellung pitch elevatorpitch weiterbildung weiterentwicklung rethorik skills skill level hr human ressources development mitarbeiterzufriedenheit marketing bewertung leadership teilen facebook twitter instagram email galerie online gallery blackforest-wedding crewdeutschland baden-w\u00fcrttemberg baden w\u00fcrttemberg iffezheim baden baden baden-baden rastatt b\u00fchl karlsruhe gaggenau malsch gernsbach wei\u00dfenbach geroldsau sinzheim offenburg achern steinmauern plittersdorf bietigheim \u00f6tigheim kartung pforzheim stuttgart ettlingen renchen h\u00fcglesheim s\u00f6llingen roeschwoog seltz","og_url":"https:\/\/kugelblitz-fotobox.de\/?page_id=48","og_site_name":"KUGELBLITZ - die runde Fotobox","article_publisher":"https:\/\/web.facebook.com\/KugelblitzdierundeFotobox\/?_rdc=1&amp%3bamp%3bamp%3bamp%3bamp%3bamp%3bamp%3bamp%3bamp%3bamp%3bamp%3bamp%3bamp%3bamp%3bamp%3bamp%3bamp%3bamp%3bamp%3b_rdr","article_modified_time":"2020-04-03T10:35:36+00:00","twitter_card":"summary_large_image","twitter_misc":{"Gesch\u00e4tzte Lesezeit":"2\u00a0Minuten"},"schema":{"@context":"https:\/\/schema.org","@graph":[{"@type":"WebPage","@id":"https:\/\/kugelblitz-fotobox.de\/?page_id=48","url":"https:\/\/kugelblitz-fotobox.de\/?page_id=48","name":"Impressum - KUGELBLITZ - die runde Fotobox","isPartOf":{"@id":"https:\/\/kugelblitz-fotobox.de\/#website"},"datePublished":"2018-10-02T16:16:23+00:00","dateModified":"2020-04-03T10:35:36+00:00","description":"photobox fotobox selfibox fotospiegel photospiegel magicmirror fotobox im smatphone design photobooth booth drucker hintergrund leinwand back screenbleihen mieten dauer einsatz mehrt\u00e4gig wochenweise monatsweisebilder sofotdruck selfies video clips videoclips fotosevent geburtstag hochzeit ball gala er\u00f6ffnung neuer\u00f6ffnung pr\u00e4sentation release party feier kick off teamevent weihnachtsfeier firmenfeier jubil\u00e4um junggessellenabschied junggesellinenabschied pr\u00e4senation produktpr\u00e4sentation tag der offenen t\u00fcrkongress messe tagung seminar bankett hotel lobbythema mehrere themen accessoires koffer boothpops h\u00fcte masken per\u00fccken hochzeit geburtstag apres ski apres-ski reisen oktoberfest weihnachten weihnachtsfeier party hintergrund greenscreen leinwand spass spa\u00df erinnerung zusammen gruppenbilder teambuilding geschenk gastgeschenkfirmen company recruiting recruitingdays karrieremesse workshop teambuilding vorstellung pitch elevatorpitch weiterbildung weiterentwicklung rethorik skills skill level hr human ressources development mitarbeiterzufriedenheit marketing bewertung leadership teilen facebook twitter instagram email galerie online gallery blackforest-wedding crewdeutschland baden-w\u00fcrttemberg baden w\u00fcrttemberg iffezheim baden baden baden-baden rastatt b\u00fchl karlsruhe gaggenau malsch gernsbach wei\u00dfenbach geroldsau sinzheim offenburg achern steinmauern plittersdorf bietigheim \u00f6tigheim kartung pforzheim stuttgart ettlingen renchen h\u00fcglesheim s\u00f6llingen roeschwoog seltz","breadcrumb":{"@id":"https:\/\/kugelblitz-fotobox.de\/?page_id=48#breadcrumb"},"inLanguage":"de","potentialAction":[{"@type":"ReadAction","target":["https:\/\/kugelblitz-fotobox.de\/?page_id=48"]}]},{"@type":"BreadcrumbList","@id":"https:\/\/kugelblitz-fotobox.de\/?page_id=48#breadcrumb","itemListElement":[{"@type":"ListItem","position":1,"name":"Startseite","item":"https:\/\/kugelblitz-fotobox.de\/"},{"@type":"ListItem","position":2,"name":"Home","item":"https:\/\/kugelblitz-fotobox.de\/"},{"@type":"ListItem","position":3,"name":"Impressum"}]},{"@type":"WebSite","@id":"https:\/\/kugelblitz-fotobox.de\/#website","url":"https:\/\/kugelblitz-fotobox.de\/","name":"KUGELBLITZ - die runde Fotobox","description":"Wir verleihen unsere Fotobox und unseren Fotospiegel im Raum Baden-Baden, Rastatt, Iffezheim, Gaggenau und Karlsruhe f\u00fcr Ihre Veranstaltung, Hochzeit , Geburtstag , Messe , Gala, Ihren Kongress, Ball und Ihr Seminar, Teambuilding und Jubil\u00e4um","publisher":{"@id":"https:\/\/kugelblitz-fotobox.de\/#organization"},"potentialAction":[{"@type":"SearchAction","target":{"@type":"EntryPoint","urlTemplate":"https:\/\/kugelblitz-fotobox.de\/?s={search_term_string}"},"query-input":{"@type":"PropertyValueSpecification","valueRequired":true,"valueName":"search_term_string"}}],"inLanguage":"de"},{"@type":"Organization","@id":"https:\/\/kugelblitz-fotobox.de\/#organization","name":"KUGELBLITZ - die runde Fotobox","url":"https:\/\/kugelblitz-fotobox.de\/","logo":{"@type":"ImageObject","inLanguage":"de","@id":"https:\/\/kugelblitz-fotobox.de\/#\/schema\/logo\/image\/","url":"https:\/\/kugelblitz-fotobox.de\/wp-content\/uploads\/2018\/10\/Kugelblitz_Logo.png","contentUrl":"https:\/\/kugelblitz-fotobox.de\/wp-content\/uploads\/2018\/10\/Kugelblitz_Logo.png","width":1643,"height":1715,"caption":"KUGELBLITZ - die runde Fotobox"},"image":{"@id":"https:\/\/kugelblitz-fotobox.de\/#\/schema\/logo\/image\/"},"sameAs":["https:\/\/web.facebook.com\/KugelblitzdierundeFotobox\/?_rdc=1&amp;amp;amp;amp;amp;amp;amp;amp;amp;amp;amp;amp;amp;amp;amp;amp;amp;amp;amp;_rdr","https:\/\/www.instagram.com\/kugelblitz_die_runde_fotobox\/","https:\/\/www.youtube.com\/channel\/UCLQwFVxu6_27hf1Z0lu4UEQ\/featured"]}]}},"jetpack_sharing_enabled":true,"_links":{"self":[{"href":"https:\/\/kugelblitz-fotobox.de\/index.php?rest_route=\/wp\/v2\/pages\/48","targetHints":{"allow":["GET"]}}],"collection":[{"href":"https:\/\/kugelblitz-fotobox.de\/index.php?rest_route=\/wp\/v2\/pages"}],"about":[{"href":"https:\/\/kugelblitz-fotobox.de\/index.php?rest_route=\/wp\/v2\/types\/page"}],"author":[{"embeddable":true,"href":"https:\/\/kugelblitz-fotobox.de\/index.php?rest_route=\/wp\/v2\/users\/1"}],"replies":[{"embeddable":true,"href":"https:\/\/kugelblitz-fotobox.de\/index.php?rest_route=%2Fwp%2Fv2%2Fcomments&post=48"}],"version-history":[{"count":5,"href":"https:\/\/kugelblitz-fotobox.de\/index.php?rest_route=\/wp\/v2\/pages\/48\/revisions"}],"predecessor-version":[{"id":822,"href":"https:\/\/kugelblitz-fotobox.de\/index.php?rest_route=\/wp\/v2\/pages\/48\/revisions\/822"}],"up":[{"embeddable":true,"href":"https:\/\/kugelblitz-fotobox.de\/index.php?rest_route=\/wp\/v2\/pages\/183"}],"wp:attachment":[{"href":"https:\/\/kugelblitz-fotobox.de\/index.php?rest_route=%2Fwp%2Fv2%2Fmedia&parent=48"}],"curies":[{"name":"wp","href":"https:\/\/api.w.org\/{rel}","templated":true}]}}